{"id":4013,"date":"2025-07-18T13:09:08","date_gmt":"2025-07-18T11:09:08","guid":{"rendered":"https:\/\/floresdelsur.fr\/?post_type=product&#038;p=4013"},"modified":"2025-08-11T10:36:23","modified_gmt":"2025-08-11T08:36:23","slug":"caja-para-hombres","status":"publish","type":"product","link":"https:\/\/floresdelsur.fr\/es\/producto\/caja-para-hombres\/","title":{"rendered":"Caja para hombres"},"content":{"rendered":"<p><strong>Esta caja contiene:<\/strong><\/p>\n<ul>\n<li><strong>Aceite para barba 60 ml:<\/strong><br \/>\nUn verdadero elixir estimulante para favorecer el crecimiento de la barba.<br \/>\nEste tratamiento activa la microcirculaci\u00f3n de la epidermis.<\/li>\n<li><strong>Jab\u00f3n para barba de arg\u00e1n 100 g:<\/strong><br \/>\nJab\u00f3n rico en \u00e1cidos grasos esenciales, omega 6 y vitamina E.<br \/>\nEficaz contra la sequedad y el envejecimiento prematuro de la piel gracias a sus propiedades ultrahidratantes.<br \/>\nNo irritante.<\/li>\n<li><strong>Crema desodorante 50 g:<\/strong><br \/>\nAcci\u00f3n de larga duraci\u00f3n, este desodorante garantiza frescura durante todo el d\u00eda.<\/li>\n<li><strong>Gel de ducha Tuareg con jab\u00f3n negro 250 ml:<\/strong><br \/>\nEspecialmente formulado para hidratar la piel, dej\u00e1ndola suave, tersa y limpia con un<br \/>\nmaravilloso aroma c\u00edtrico.<\/li>\n<li><strong>Todos nuestros productos son:<\/strong>\n<ul>\n<li>Sin parabenos<\/li>\n<li>Sin sulfatos<\/li>\n<li>Sin gluten<\/li>\n<li>Sin colorantes<\/li>\n<\/ul>\n<\/li>\n<\/ul>\n","protected":false},"excerpt":{"rendered":"<p><strong>Esta caja contiene:<\/strong><\/p>\n<ul>\n<li><strong>Aceite para barba 60 ml:<\/strong><br \/>\nUn verdadero elixir estimulante para favorecer el crecimiento de la barba.<br \/>\nEste tratamiento activa la microcirculaci\u00f3n de la epidermis.<\/li>\n<li><strong>Jab\u00f3n para barba de arg\u00e1n 100 g:<\/strong><br \/>\nJab\u00f3n rico en \u00e1cidos grasos esenciales, omega 6 y vitamina E.<br \/>\nEficaz contra la sequedad y el envejecimiento prematuro de la piel gracias a sus propiedades ultrahidratantes.<br \/>\nNo irritante.<\/li>\n<li><strong>Crema desodorante 50 g:<\/strong><br \/>\nAcci\u00f3n de larga duraci\u00f3n, este desodorante garantiza frescura durante todo el d\u00eda.<\/li>\n<li><strong>Gel de ducha Tuareg con jab\u00f3n negro 250 ml:<\/strong><br \/>\nEspecialmente formulado para hidratar la piel, dej\u00e1ndola suave, tersa y limpia con un<br \/>\nmaravilloso aroma c\u00edtrico.<\/li>\n<li><strong>Todos nuestros productos son:<\/strong>\n<ul>\n<li>Sin parabenos<\/li>\n<li>Sin sulfatos<\/li>\n<li>Sin gluten<\/li>\n<li>Sin colorantes<\/li>\n<\/ul>\n<\/li>\n<\/ul>\n","protected":false},"featured_media":4127,"comment_status":"open","ping_status":"closed","template":"","meta":{"_acf_changed":false,"inline_featured_image":false,"_joinchat":[]},"product_brand":[],"product_cat":[85],"product_tag":[],"class_list":{"0":"post-4013","1":"product","2":"type-product","3":"status-publish","4":"has-post-thumbnail","6":"product_cat-remate-final","8":"first","9":"instock","10":"shipping-taxable","11":"purchasable","12":"product-type-simple"},"acf":[],"yoast_head":"<!-- This site is optimized with the Yoast SEO Premium plugin v25.1 (Yoast SEO v25.6) - https:\/\/yoast.com\/wordpress\/plugins\/seo\/ -->\n<title>Caja para hombres - Floresdelsur<\/title>\n<meta name=\"description\" content=\"Un verdadero elixir estimulante para favorecer el crecimiento de la barba | 654 511 258 | info@floresdelsur.com | \u00a1LL\u00c1MANOS!\" \/>\n<meta name=\"robots\" content=\"index, follow, max-snippet:-1, max-image-preview:large, max-video-preview:-1\" \/>\n<link rel=\"canonical\" href=\"https:\/\/floresdelsur.fr\/es\/producto\/caja-para-hombres\/\" \/>\n<meta property=\"og:locale\" content=\"es_ES\" \/>\n<meta property=\"og:type\" content=\"article\" \/>\n<meta property=\"og:title\" content=\"Caja para hombres\" \/>\n<meta property=\"og:description\" content=\"Un verdadero elixir estimulante para favorecer el crecimiento de la barba | 654 511 258 | info@floresdelsur.com | \u00a1LL\u00c1MANOS!\" \/>\n<meta property=\"og:url\" content=\"https:\/\/floresdelsur.fr\/es\/producto\/caja-para-hombres\/\" \/>\n<meta property=\"og:site_name\" content=\"Floresdelsur\" \/>\n<meta property=\"article:publisher\" content=\"https:\/\/www.facebook.com\/FLORESDELSUR.FR\" \/>\n<meta property=\"article:modified_time\" content=\"2025-08-11T08:36:23+00:00\" \/>\n<meta property=\"og:image\" content=\"https:\/\/floresdelsur.fr\/wp-content\/uploads\/2025\/07\/Coffret-pour-homme-e1683791461567-1.png\" \/>\n\t<meta property=\"og:image:width\" content=\"800\" \/>\n\t<meta property=\"og:image:height\" content=\"1007\" \/>\n\t<meta property=\"og:image:type\" content=\"image\/png\" \/>\n<meta name=\"twitter:card\" content=\"summary_large_image\" \/>\n<meta name=\"twitter:label1\" content=\"Tiempo de lectura\" \/>\n\t<meta name=\"twitter:data1\" content=\"1 minuto\" \/>\n<script type=\"application\/ld+json\" class=\"yoast-schema-graph\">{\"@context\":\"https:\/\/schema.org\",\"@graph\":[{\"@type\":\"WebPage\",\"@id\":\"https:\/\/floresdelsur.fr\/es\/producto\/caja-para-hombres\/\",\"url\":\"https:\/\/floresdelsur.fr\/es\/producto\/caja-para-hombres\/\",\"name\":\"Caja para hombres - Floresdelsur\",\"isPartOf\":{\"@id\":\"https:\/\/floresdelsur.fr\/es\/#website\"},\"primaryImageOfPage\":{\"@id\":\"https:\/\/floresdelsur.fr\/es\/producto\/caja-para-hombres\/#primaryimage\"},\"image\":{\"@id\":\"https:\/\/floresdelsur.fr\/es\/producto\/caja-para-hombres\/#primaryimage\"},\"thumbnailUrl\":\"https:\/\/floresdelsur.fr\/wp-content\/uploads\/2025\/07\/Coffret-pour-homme-e1683791461567-1.png\",\"datePublished\":\"2025-07-18T11:09:08+00:00\",\"dateModified\":\"2025-08-11T08:36:23+00:00\",\"description\":\"Un verdadero elixir estimulante para favorecer el crecimiento de la barba | 654 511 258 | info@floresdelsur.com | \u00a1LL\u00c1MANOS!\",\"breadcrumb\":{\"@id\":\"https:\/\/floresdelsur.fr\/es\/producto\/caja-para-hombres\/#breadcrumb\"},\"inLanguage\":\"es\",\"potentialAction\":[{\"@type\":\"ReadAction\",\"target\":[\"https:\/\/floresdelsur.fr\/es\/producto\/caja-para-hombres\/\"]}]},{\"@type\":\"ImageObject\",\"inLanguage\":\"es\",\"@id\":\"https:\/\/floresdelsur.fr\/es\/producto\/caja-para-hombres\/#primaryimage\",\"url\":\"https:\/\/floresdelsur.fr\/wp-content\/uploads\/2025\/07\/Coffret-pour-homme-e1683791461567-1.png\",\"contentUrl\":\"https:\/\/floresdelsur.fr\/wp-content\/uploads\/2025\/07\/Coffret-pour-homme-e1683791461567-1.png\",\"width\":800,\"height\":1007},{\"@type\":\"BreadcrumbList\",\"@id\":\"https:\/\/floresdelsur.fr\/es\/producto\/caja-para-hombres\/#breadcrumb\",\"itemListElement\":[{\"@type\":\"ListItem\",\"position\":1,\"name\":\"Portada\",\"item\":\"https:\/\/floresdelsur.fr\/es\/\"},{\"@type\":\"ListItem\",\"position\":2,\"name\":\"Shop\",\"item\":\"https:\/\/floresdelsur.fr\/shop\/\"},{\"@type\":\"ListItem\",\"position\":3,\"name\":\"Caja para hombres\"}]},{\"@type\":\"WebSite\",\"@id\":\"https:\/\/floresdelsur.fr\/es\/#website\",\"url\":\"https:\/\/floresdelsur.fr\/es\/\",\"name\":\"Floresdelsur\",\"description\":\"Productos de limpieza e higiene naturales y sostenibles para profesionales\",\"publisher\":{\"@id\":\"https:\/\/floresdelsur.fr\/es\/#organization\"},\"potentialAction\":[{\"@type\":\"SearchAction\",\"target\":{\"@type\":\"EntryPoint\",\"urlTemplate\":\"https:\/\/floresdelsur.fr\/es\/?s={search_term_string}\"},\"query-input\":{\"@type\":\"PropertyValueSpecification\",\"valueRequired\":true,\"valueName\":\"search_term_string\"}}],\"inLanguage\":\"es\"},{\"@type\":\"Organization\",\"@id\":\"https:\/\/floresdelsur.fr\/es\/#organization\",\"name\":\"Floresdelsur\",\"url\":\"https:\/\/floresdelsur.fr\/es\/\",\"logo\":{\"@type\":\"ImageObject\",\"inLanguage\":\"es\",\"@id\":\"https:\/\/floresdelsur.fr\/es\/#\/schema\/logo\/image\/\",\"url\":\"https:\/\/floresdelsur.fr\/wp-content\/uploads\/2025\/08\/icono-reamte-final.jpg\",\"contentUrl\":\"https:\/\/floresdelsur.fr\/wp-content\/uploads\/2025\/08\/icono-reamte-final.jpg\",\"width\":700,\"height\":700,\"caption\":\"Floresdelsur\"},\"image\":{\"@id\":\"https:\/\/floresdelsur.fr\/es\/#\/schema\/logo\/image\/\"},\"sameAs\":[\"https:\/\/www.facebook.com\/FLORESDELSUR.FR\",\"https:\/\/www.instagram.com\/floresdelsur1\/\"]}]}<\/script>\n<!-- \/ Yoast SEO Premium plugin. -->","yoast_head_json":{"title":"Caja para hombres - Floresdelsur","description":"Un verdadero elixir estimulante para favorecer el crecimiento de la barba | 654 511 258 | info@floresdelsur.com | \u00a1LL\u00c1MANOS!","robots":{"index":"index","follow":"follow","max-snippet":"max-snippet:-1","max-image-preview":"max-image-preview:large","max-video-preview":"max-video-preview:-1"},"canonical":"https:\/\/floresdelsur.fr\/es\/producto\/caja-para-hombres\/","og_locale":"es_ES","og_type":"article","og_title":"Caja para hombres","og_description":"Un verdadero elixir estimulante para favorecer el crecimiento de la barba | 654 511 258 | info@floresdelsur.com | \u00a1LL\u00c1MANOS!","og_url":"https:\/\/floresdelsur.fr\/es\/producto\/caja-para-hombres\/","og_site_name":"Floresdelsur","article_publisher":"https:\/\/www.facebook.com\/FLORESDELSUR.FR","article_modified_time":"2025-08-11T08:36:23+00:00","og_image":[{"width":800,"height":1007,"url":"https:\/\/floresdelsur.fr\/wp-content\/uploads\/2025\/07\/Coffret-pour-homme-e1683791461567-1.png","type":"image\/png"}],"twitter_card":"summary_large_image","twitter_misc":{"Tiempo de lectura":"1 minuto"},"schema":{"@context":"https:\/\/schema.org","@graph":[{"@type":"WebPage","@id":"https:\/\/floresdelsur.fr\/es\/producto\/caja-para-hombres\/","url":"https:\/\/floresdelsur.fr\/es\/producto\/caja-para-hombres\/","name":"Caja para hombres - Floresdelsur","isPartOf":{"@id":"https:\/\/floresdelsur.fr\/es\/#website"},"primaryImageOfPage":{"@id":"https:\/\/floresdelsur.fr\/es\/producto\/caja-para-hombres\/#primaryimage"},"image":{"@id":"https:\/\/floresdelsur.fr\/es\/producto\/caja-para-hombres\/#primaryimage"},"thumbnailUrl":"https:\/\/floresdelsur.fr\/wp-content\/uploads\/2025\/07\/Coffret-pour-homme-e1683791461567-1.png","datePublished":"2025-07-18T11:09:08+00:00","dateModified":"2025-08-11T08:36:23+00:00","description":"Un verdadero elixir estimulante para favorecer el crecimiento de la barba | 654 511 258 | info@floresdelsur.com | \u00a1LL\u00c1MANOS!","breadcrumb":{"@id":"https:\/\/floresdelsur.fr\/es\/producto\/caja-para-hombres\/#breadcrumb"},"inLanguage":"es","potentialAction":[{"@type":"ReadAction","target":["https:\/\/floresdelsur.fr\/es\/producto\/caja-para-hombres\/"]}]},{"@type":"ImageObject","inLanguage":"es","@id":"https:\/\/floresdelsur.fr\/es\/producto\/caja-para-hombres\/#primaryimage","url":"https:\/\/floresdelsur.fr\/wp-content\/uploads\/2025\/07\/Coffret-pour-homme-e1683791461567-1.png","contentUrl":"https:\/\/floresdelsur.fr\/wp-content\/uploads\/2025\/07\/Coffret-pour-homme-e1683791461567-1.png","width":800,"height":1007},{"@type":"BreadcrumbList","@id":"https:\/\/floresdelsur.fr\/es\/producto\/caja-para-hombres\/#breadcrumb","itemListElement":[{"@type":"ListItem","position":1,"name":"Portada","item":"https:\/\/floresdelsur.fr\/es\/"},{"@type":"ListItem","position":2,"name":"Shop","item":"https:\/\/floresdelsur.fr\/shop\/"},{"@type":"ListItem","position":3,"name":"Caja para hombres"}]},{"@type":"WebSite","@id":"https:\/\/floresdelsur.fr\/es\/#website","url":"https:\/\/floresdelsur.fr\/es\/","name":"Floresdelsur","description":"Productos de limpieza e higiene naturales y sostenibles para profesionales","publisher":{"@id":"https:\/\/floresdelsur.fr\/es\/#organization"},"potentialAction":[{"@type":"SearchAction","target":{"@type":"EntryPoint","urlTemplate":"https:\/\/floresdelsur.fr\/es\/?s={search_term_string}"},"query-input":{"@type":"PropertyValueSpecification","valueRequired":true,"valueName":"search_term_string"}}],"inLanguage":"es"},{"@type":"Organization","@id":"https:\/\/floresdelsur.fr\/es\/#organization","name":"Floresdelsur","url":"https:\/\/floresdelsur.fr\/es\/","logo":{"@type":"ImageObject","inLanguage":"es","@id":"https:\/\/floresdelsur.fr\/es\/#\/schema\/logo\/image\/","url":"https:\/\/floresdelsur.fr\/wp-content\/uploads\/2025\/08\/icono-reamte-final.jpg","contentUrl":"https:\/\/floresdelsur.fr\/wp-content\/uploads\/2025\/08\/icono-reamte-final.jpg","width":700,"height":700,"caption":"Floresdelsur"},"image":{"@id":"https:\/\/floresdelsur.fr\/es\/#\/schema\/logo\/image\/"},"sameAs":["https:\/\/www.facebook.com\/FLORESDELSUR.FR","https:\/\/www.instagram.com\/floresdelsur1\/"]}]}},"_links":{"self":[{"href":"https:\/\/floresdelsur.fr\/es\/wp-json\/wp\/v2\/product\/4013","targetHints":{"allow":["GET"]}}],"collection":[{"href":"https:\/\/floresdelsur.fr\/es\/wp-json\/wp\/v2\/product"}],"about":[{"href":"https:\/\/floresdelsur.fr\/es\/wp-json\/wp\/v2\/types\/product"}],"replies":[{"embeddable":true,"href":"https:\/\/floresdelsur.fr\/es\/wp-json\/wp\/v2\/comments?post=4013"}],"wp:featuredmedia":[{"embeddable":true,"href":"https:\/\/floresdelsur.fr\/es\/wp-json\/wp\/v2\/media\/4127"}],"wp:attachment":[{"href":"https:\/\/floresdelsur.fr\/es\/wp-json\/wp\/v2\/media?parent=4013"}],"wp:term":[{"taxonomy":"product_brand","embeddable":true,"href":"https:\/\/floresdelsur.fr\/es\/wp-json\/wp\/v2\/product_brand?post=4013"},{"taxonomy":"product_cat","embeddable":true,"href":"https:\/\/floresdelsur.fr\/es\/wp-json\/wp\/v2\/product_cat?post=4013"},{"taxonomy":"product_tag","embeddable":true,"href":"https:\/\/floresdelsur.fr\/es\/wp-json\/wp\/v2\/product_tag?post=4013"}],"curies":[{"name":"wp","href":"https:\/\/api.w.org\/{rel}","templated":true}]}}

<p><strong>Esta caja contiene:</strong></p>
<ul>
<li><strong>Aceite para barba 60 ml:</strong><br />
Un verdadero elixir estimulante para favorecer el crecimiento de la barba.<br />
Este tratamiento activa la microcirculación de la epidermis.</li>
<li><strong>Jabón para barba de argán 100 g:</strong><br />
Jabón rico en ácidos grasos esenciales, omega 6 y vitamina E.<br />
Eficaz contra la sequedad y el envejecimiento prematuro de la piel gracias a sus propiedades ultrahidratantes.<br />
No irritante.</li>
<li><strong>Crema desodorante 50 g:</strong><br />
Acción de larga duración, este desodorante garantiza frescura durante todo el día.</li>
<li><strong>Gel de ducha Tuareg con jabón negro 250 ml:</strong><br />
Especialmente formulado para hidratar la piel, dejándola suave, tersa y limpia con un<br />
maravilloso aroma cítrico.</li>
<li><strong>Todos nuestros productos son:</strong>
<ul>
<li>Sin parabenos</li>
<li>Sin sulfatos</li>
<li>Sin gluten</li>
<li>Sin colorantes</li>
</ul>
</li>
</ul>

<!-- This site is optimized with the Yoast SEO Premium plugin v25.1 (Yoast SEO v25.6) - https://yoast.com/wordpress/plugins/seo/ -->
<title>Caja para hombres - Floresdelsur</title>
<meta name="description" content="Un verdadero elixir estimulante para favorecer el crecimiento de la barba | 654 511 258 | info@floresdelsur.com | ¡LLÁMANOS!" />
<meta name="robots" content="index, follow, max-snippet:-1, max-image-preview:large, max-video-preview:-1" />
<link rel="canonical" href="https://floresdelsur.fr/es/producto/caja-para-hombres/" />
<meta property="og:locale" content="es_ES" />
<meta property="og:type" content="article" />
<meta property="og:title" content="Caja para hombres" />
<meta property="og:description" content="Un verdadero elixir estimulante para favorecer el crecimiento de la barba | 654 511 258 | info@floresdelsur.com | ¡LLÁMANOS!" />
<meta property="og:url" content="https://floresdelsur.fr/es/producto/caja-para-hombres/" />
<meta property="og:site_name" content="Floresdelsur" />
<meta property="article:publisher" content="https://www.facebook.com/FLORESDELSUR.FR" />
<meta property="article:modified_time" content="2025-08-11T08:36:23+00:00" />
<meta property="og:image" content="https://floresdelsur.fr/wp-content/uploads/2025/07/Coffret-pour-homme-e1683791461567-1.png" />
	<meta property="og:image:width" content="800" />
	<meta property="og:image:height" content="1007" />
	<meta property="og:image:type" content="image/png" />
<meta name="twitter:card" content="summary_large_image" />
<meta name="twitter:label1" content="Tiempo de lectura" />
	<meta name="twitter:data1" content="1 minuto" />
<script type="application/ld+json" class="yoast-schema-graph">{"@context":"https://schema.org","@graph":[{"@type":"WebPage","@id":"https://floresdelsur.fr/es/producto/caja-para-hombres/","url":"https://floresdelsur.fr/es/producto/caja-para-hombres/","name":"Caja para hombres - Floresdelsur","isPartOf":{"@id":"https://floresdelsur.fr/es/#website"},"primaryImageOfPage":{"@id":"https://floresdelsur.fr/es/producto/caja-para-hombres/#primaryimage"},"image":{"@id":"https://floresdelsur.fr/es/producto/caja-para-hombres/#primaryimage"},"thumbnailUrl":"https://floresdelsur.fr/wp-content/uploads/2025/07/Coffret-pour-homme-e1683791461567-1.png","datePublished":"2025-07-18T11:09:08+00:00","dateModified":"2025-08-11T08:36:23+00:00","description":"Un verdadero elixir estimulante para favorecer el crecimiento de la barba | 654 511 258 | info@floresdelsur.com | ¡LLÁMANOS!","breadcrumb":{"@id":"https://floresdelsur.fr/es/producto/caja-para-hombres/#breadcrumb"},"inLanguage":"es","potentialAction":[{"@type":"ReadAction","target":["https://floresdelsur.fr/es/producto/caja-para-hombres/"]}]},{"@type":"ImageObject","inLanguage":"es","@id":"https://floresdelsur.fr/es/producto/caja-para-hombres/#primaryimage","url":"https://floresdelsur.fr/wp-content/uploads/2025/07/Coffret-pour-homme-e1683791461567-1.png","contentUrl":"https://floresdelsur.fr/wp-content/uploads/2025/07/Coffret-pour-homme-e1683791461567-1.png","width":800,"height":1007},{"@type":"BreadcrumbList","@id":"https://floresdelsur.fr/es/producto/caja-para-hombres/#breadcrumb","itemListElement":[{"@type":"ListItem","position":1,"name":"Portada","item":"https://floresdelsur.fr/es/"},{"@type":"ListItem","position":2,"name":"Shop","item":"https://floresdelsur.fr/shop/"},{"@type":"ListItem","position":3,"name":"Caja para hombres"}]},{"@type":"WebSite","@id":"https://floresdelsur.fr/es/#website","url":"https://floresdelsur.fr/es/","name":"Floresdelsur","description":"Productos de limpieza e higiene naturales y sostenibles para profesionales","publisher":{"@id":"https://floresdelsur.fr/es/#organization"},"potentialAction":[{"@type":"SearchAction","target":{"@type":"EntryPoint","urlTemplate":"https://floresdelsur.fr/es/?s={search_term_string}"},"query-input":{"@type":"PropertyValueSpecification","valueRequired":true,"valueName":"search_term_string"}}],"inLanguage":"es"},{"@type":"Organization","@id":"https://floresdelsur.fr/es/#organization","name":"Floresdelsur","url":"https://floresdelsur.fr/es/","logo":{"@type":"ImageObject","inLanguage":"es","@id":"https://floresdelsur.fr/es/#/schema/logo/image/","url":"https://floresdelsur.fr/wp-content/uploads/2025/08/icono-reamte-final.jpg","contentUrl":"https://floresdelsur.fr/wp-content/uploads/2025/08/icono-reamte-final.jpg","width":700,"height":700,"caption":"Floresdelsur"},"image":{"@id":"https://floresdelsur.fr/es/#/schema/logo/image/"},"sameAs":["https://www.facebook.com/FLORESDELSUR.FR","https://www.instagram.com/floresdelsur1/"]}]}</script>
<!-- / Yoast SEO Premium plugin. -->

Un verdadero elixir estimulante para favorecer el crecimiento de la barba | 654 511 258 | info@floresdelsur.com | ¡LLÁMANOS!
